{"id":42,"date":"2014-10-01T20:55:21","date_gmt":"2014-10-01T19:55:21","guid":{"rendered":"http:\/\/www.emotion-adn.be\/wordpress\/?page_id=42"},"modified":"2024-04-08T18:01:46","modified_gmt":"2024-04-08T17:01:46","slug":"bienvenue","status":"publish","type":"page","link":"https:\/\/www.emotion-adn.be\/wordpress\/","title":{"rendered":"Bienvenue"},"content":{"rendered":"<p><a href=\"https:\/\/www.emotion-adn.be\/wordpress\/wp-content\/uploads\/2014\/09\/photo-bienvenue.jpg\"><img decoding=\"async\" loading=\"lazy\" class=\"alignleft wp-image-34 size-medium\" src=\"https:\/\/www.emotion-adn.be\/wordpress\/wp-content\/uploads\/2014\/09\/photo-bienvenue-228x300.jpg\" alt=\"Nathalie Zammatteo\" width=\"228\" height=\"300\" srcset=\"https:\/\/www.emotion-adn.be\/wordpress\/wp-content\/uploads\/2014\/09\/photo-bienvenue-228x300.jpg 228w, https:\/\/www.emotion-adn.be\/wordpress\/wp-content\/uploads\/2014\/09\/photo-bienvenue-41x55.jpg 41w, https:\/\/www.emotion-adn.be\/wordpress\/wp-content\/uploads\/2014\/09\/photo-bienvenue.jpg 433w\" sizes=\"(max-width: 228px) 100vw, 228px\" \/><\/a><span style=\"color: #074f56;\">Bonjour,<\/span><\/p>\n<p><span style=\"color: #074f56;\">Ce site est destin\u00e9 \u00e0 vous permettre de me contacter.<\/span><\/p>\n<p><span style=\"color: #074f56;\">Vous y trouverez des informations<\/span> <span style=\"color: #074f56;\">concernant mon parcours personnel, l&rsquo;<\/span><span style=\"color: #074f56;\">approche th\u00e9rapeutique utilis\u00e9e, une pr\u00e9sentation de\u00a0mes\u00a0<\/span><span style=\"color: #074f56;\">livres \u00ab l\u2019impact des \u00e9motions sur <\/span><span style=\"color: #074f56;\">l\u2019ADN \u00bb et \u00ab\u00a0l&rsquo;impact des comportements sur l&rsquo;ADN\u00a0\u00bb, des formations, des conf\u00e9rences, etc.<\/span><\/p>\n<p><span style=\"color: #074f56;\">Une adresse e-mail est \u00e0 la disposition de<\/span><br \/>\n<span style=\"color: #074f56;\"> ceux qui souhaitent m&rsquo;\u00e9crire.<\/span><\/p>\n<p><span style=\"color: #074f56;\">De tout c\u0153ur,<\/span><\/p>\n<p><span style=\"color: #074f56;\">Nathalie Zammatteo <\/span><\/p>\n<p><span style=\"color: #008080;\">\u00a0<\/span><\/p>\n<p><span style=\"color: #008080;\"><span style=\"color: #024d4d;\">\u00a0<\/span><\/span><\/p>\n","protected":false},"excerpt":{"rendered":"<p>Bonjour, Ce site est destin\u00e9 \u00e0 vous permettre de me contacter. Vous y trouverez des informations concernant mon parcours personnel, l&rsquo;approche th\u00e9rapeutique utilis\u00e9e, une pr\u00e9sentation de\u00a0mes\u00a0livres \u00ab l\u2019impact des \u00e9motions sur l\u2019ADN \u00bb et \u00ab\u00a0l&rsquo;impact des comportements sur l&rsquo;ADN\u00a0\u00bb, des formations, des conf\u00e9rences, etc. Une adresse e-mail est \u00e0 la [&hellip;]<\/p>\n","protected":false},"author":1,"featured_media":0,"parent":0,"menu_order":1,"comment_status":"closed","ping_status":"closed","template":"","meta":[],"_links":{"self":[{"href":"https:\/\/www.emotion-adn.be\/wordpress\/wp-json\/wp\/v2\/pages\/42"}],"collection":[{"href":"https:\/\/www.emotion-adn.be\/wordpress\/wp-json\/wp\/v2\/pages"}],"about":[{"href":"https:\/\/www.emotion-adn.be\/wordpress\/wp-json\/wp\/v2\/types\/page"}],"author":[{"embeddable":true,"href":"https:\/\/www.emotion-adn.be\/wordpress\/wp-json\/wp\/v2\/users\/1"}],"replies":[{"embeddable":true,"href":"https:\/\/www.emotion-adn.be\/wordpress\/wp-json\/wp\/v2\/comments?post=42"}],"version-history":[{"count":94,"href":"https:\/\/www.emotion-adn.be\/wordpress\/wp-json\/wp\/v2\/pages\/42\/revisions"}],"predecessor-version":[{"id":542,"href":"https:\/\/www.emotion-adn.be\/wordpress\/wp-json\/wp\/v2\/pages\/42\/revisions\/542"}],"wp:attachment":[{"href":"https:\/\/www.emotion-adn.be\/wordpress\/wp-json\/wp\/v2\/media?parent=42"}],"curies":[{"name":"wp","href":"https:\/\/api.w.org\/{rel}","templated":true}]}}